e number?
False
Is 85779157 a composite number?
False
Is 767111 a prime number?
True
Is 3456863 composite?
False
Is 25508657 prime?
False
Is 323467813 a prime number?
True
Is 3274969 composite?
True
Is 345573971 prime?
True
Is 57899 composite?
False
Is 198804107 a composite number?
False
Is 750016771 prime?
False
Is 5201563 a prime number?
True
Is 8195483 a composite number?
False
Is 413686489 a composite number?
True
Is 34788646 a composite number?
True
Is 1105061 a composite number?
False
Is 86613727 a composite number?
False
Is 3337679 a composite number?
True
Is 5151737 a composite number?
False
Is 30919547 composite?
True
Is 1098403 composite?
True
Is 1361137 composite?
False
Is 75592877 prime?
True
Is 111294069 a composite number?
True
Is 501086 a composite number?
True
Is 859921 a composite number?
True
Is 109509173 a composite number?
True
Is 2782453 prime?
False
Is 298477 prime?
True
Is 18223707 prime?
False
Is 630797 composite?
False
Is 50801119 prime?
True
Is 25610141 a prime number?
False
Is 1079144657 prime?
True
Is 42311459 prime?
False
Is 15858415 a composite number?
True
Is 1314391 prime?
False
Is 15676787 a prime number?
False
Is 538948406 composite?
True
Is 105159029 composite?
False
Is 20624693 composite?
False
Is 450493 a prime number?
True
Is 85526971 a composite number?
False
Is 224407319 composite?
False
Is 1267611 composite?
True
Is 4758503 a prime number?
True
Is 3175117 a composite number?
True
Is 272429 prime?
False
Is 318863141 a prime number?
True
Is 160841351 a prime number?
False
Is 793847 composite?
True
Is 410275497 a prime number?
False
Is 15456635 composite?
True
Is 5837449 composite?
True
Is 15837707 prime?
False
Is 10616461 prime?
False
Is 5946806 composite?
True
Is 34938877 a prime number?
True
Is 157449658 composite?
True
Is 42004667 a composite number?
True
Is 1691839 a prime number?
True
Is 27694879 a composite number?
True
Is 11226689 prime?
False
Is 6178129 composite?
False
Is 52865497 a composite number?
False
Is 1374461 composite?
True
Is 96974497 a prime number?
True
Is 100933 a prime number?
False
Is 11136733 a prime number?
True
Is 15047063 composite?
True
Is 1876541 composite?
False
Is 300566969 prime?
False
Is 138802523 composite?
True
Is 52936267 composite?
True
Is 13081609 a prime number?
False
Is 1751186 a prime number?
False
Is 78652426 prime?
False
Is 189417478 prime?
False
Is 43250177 a prime number?
False
Is 19935983 a prime number?
True
Is 358403923 composite?
True
Is 15495547 prime?
True
Is 1497119 prime?
False
Is 118231963 a composite number?
False
Is 2389427 prime?
True
Is 2086709 composite?
True
Is 14561051 prime?
False
Is 10882549 prime?
True
Is 7867621 composite?
True
Is 19762991 composite?
False
Is 5866115 composite?
True
Is 2494553 composite?
False
Is 13752569 a composite number?
True
Is 2678057 composite?
True
Is 82668377 a prime number?
False
Is 2744611 composite?
False
Is 29779231 a composite number?
False
Is 564509347 a composite number?
False
Is 14275493 a prime number?
True
Is 57345013 a composite number?
True
Is 468570233 prime?
True
Is 2140297 prime?
False
Is 246725561 composite?
False
Is 581296753 composite?
False
Is 2468303 prime?
True
Is 413561 prime?
False
Is 3393695 a composite number?
True
Is 52411403 prime?
False
Is 719503 prime?
True
Is 103689917 a composite number?
True
Is 11292185 prime?
False
Is 1282339 a prime number?
False
Is 4182319 composite?
True
Is 211192511 a prime number?
False
Is 34251689 a composite number?
False
Is 9328747 a composite number?
False
Is 769277363 prime?
True
Is 54845891 a composite number?
True
Is 1680243 composite?
True
Is 119754941 a prime number?
True
Is 31000733 a prime number?
False
Is 63876829 a prime number?
True
Is 80254079 a composite number?
False
Is 16332523 a composite number?
True
Is 4238603 prime?
False
Is 307532437 composite?
False
Is 55944703 prime?
False
Is 26244973 composite?
False
Is 8654221 a composite number?
False
Is 830837 prime?
False
Is 135947611 prime?
True
Is 77593447 a prime number?
True
Is 1422957313 a prime number?
True
Is 6193561 a composite number?
True
Is 2842871 composite?
False
Is 31268957 a prime number?
True
Is 242302 a prime number?
False
Is 13593781 composite?
False
Is 74943229 a composite number?
False
Is 4064807 prime?
True
Is 11271283 prime?
False
Is 64630603 a prime number?
True
Is 1563827 a prime number?
False
Is 2076611 prime?
True
Is 6362045 composite?
True
Is 24620171 a prime number?
False
Is 3023663 a composite number?
True
Is 41511521 a prime number?
False
Is 4803731 prime?
False
Is 8268523 composite?
True
Is 391751 composite?
False
Is 18312973 a prime number?
False
Is 63452503 a prime number?
True
Is 1713031 prime?
False
Is 26674961 composite?
False
Is 216005599 composite?
False
Is 14225761 prime?
False
Is 615433233 a composite number?
True
Is 1754887 prime?
False
Is 16934021 a composite number?
True
Is 9253169 a composite number?
True
Is 1487417 composite?
False
Is 32414381 prime?
True
Is 165142781 prime?
False
Is 14152277 prime?
False
Is 6984073 prime?
False
Is 225809 a prime number?
True
Is 108648383 a composite number?
True
Is 5196601 a composite number?
False
Is 297713 prime?
False
Is 154680077 a prime number?
False
Is 81466311 a composite number?
True
Is 1298863 a prime number?
True
Is 4537571 a composite number?
False
Is 124296659 a composite number?
True
Is 21554319 composite?
True
Is 22743559 composite?
False
Is 15801563 composite?
False
Is 59102679 prime?
False
Is 5572393 a prime number?
False
Is 42559535 composite?
True
Is 1089689581 composite?
True
Is 317453 a prime number?
True
Is 59231977 prime?
False
Is 12954673 prime?
True
Is 494262397 prime?
False
Is 38995081 a composite number?
False
Is 4298282 a prime number?
False
Is 259768021 a prime number?
True
Is 18812401 a prime number?
True
Is 22469333 a composite number?
True
Is 86431789 prime?
True
Is 27636001 composite?
False
Is 4968857 prime?
True
Is 313232459 composite?
False
Is 61740167 a prime number?
True
Is 1376819 prime?
True
Is 55729483 a prime number?
False
Is 213713 a composite number?
False
Is 17665247 a prime number?
True
Is 89060473 composite?
False
Is 1201721 a prime number?
False
Is 19858927 prime?
False
Is 332480513 a composite number?
False
Is 3666461 composite?
False
Is 60673819 prime?
False
Is 876257 a composite number?
False
Is 451177 composite?
False
Is 268141 a prime number?
False
Is 2859859 a prime number?
False
Is 944057 a prime number?
False
Is 2077211 prime?
False
Is 841063 prime?
True
Is 6971089 prime?
True
Is 1076963 composite?
True
Is 793901 a composite number?
False
Is 55088983 a prime number?
True
Is 26940679 a composite number?
True
Is 4700635 a composite number?
True
Is 1322685619 a composite number?
False
Is 8338481 a composite number?
False
Is 7230589 composite?
True
Is 17247526 a composite number?
True
Is 1576391 a composite number?
False
Is 164525203 a composite number?
True
Is 30625267 composite?
False
Is 862095359 a composite number?
True
Is 12619681 a composite number?
False
Is 3988877 a composite number?
False
Is 774241813 a prime number?
True
Is 9082303 prime?
True
Is 463549 composite?
False
Is 4140407 a composite number?
True
Is 720709 composite?
True
Is 11009651 a prime number?
True
Is 251052653 prime?
False
Is 24549893 a prime number?
True
Is 3464291 a composite number?
False
Is 16369277 a prime number?
True
Is 318162059 a prime number?
False
Is 2510279 a composite number?
False
Is 4503131 a prime number?
False
Is 1240483 composite?
False
Is 255397 prime?
False
Is 1299791 prime?
True
Is 1193597 a prime number?
False
Is 140356157 a prime number?
True
Is 3032063 a composite number?
False
Is 46338713 a prime number?
False
Is 350433389 a composite number?
False
Is 7405663 prime?
True
Is 11883041 a composite number?
False
Is 68580689 prime?
True
Is 5819017 a prime number?
False
Is 117364493 a composite number?
False
Is 188364199 composite?
True
Is 8081497 prime?
True
Is 116366339 a composite number?
False
Is 1441581 prime?
False
Is 9903239 a prime number?
False
Is 77922547 a prime number?
True
Is 1317917 a prime number?
True
Is 7756519 prime?
True
Is 9806639 a composite number?
False
Is 1897759 composite?
True
Is 1909079 prime?
True
Is 2557259 composite?
True
Is 490151 prime?
Tru